
In base 7, what is 2602636 - -2?
2602641
In base 16, what is -2 + -109b96e?
-109b970
In base 3, what is 2 + 10012101121111?
10012101121120
In base 10, what is 27 + 6327922?
6327949
In base 10, what is 20 - -123366?
123386
In base 12, what is -17193 - -1b79?
-15216
In base 3, what is 10201010220122021 + -10?
10201010220122011
In base 16, what is -6a5f51 + 5?
-6a5f4c
In base 7, what is 652 - -2545323?
2546305
In base 6, what is 411 + -1221430?
-1221015
In base 8, what is -1224 + -115777?
-117223
In base 16, what is 546da9 + 3e?
546de7
In base 12, what is -1a088 - -21?
-1a067
In base 6, what is -115545244 - -24?
-115545220
In base 15, what is 139375 - 2?
139373
In base 3, what is -21001022 - -2222211?
-11001111
In base 13, what is -361 - 565?
-8c6
In base 7, what is 501254546 - -32?
501254611
In base 3, what is 12 - 1021202111112?
-1021202111100
In base 5, what is 103423 + 3104?
112032
In base 6, what is 452404 - -4?
452412
In base 8, what is -324 + 303606?
303262
In base 2, what is -10 - 11111101010010111101010100?
-11111101010010111101010110
In base 15, what is -2245e4 - -1?
-2245e3
In base 12, what is 11a2 + -118b?
13
In base 4, what is -1312020123 - -112120?
-1311302003
In base 16, what is 2099 + -7edf?
-5e46
In base 9, what is 3 - -2010418?
2010422
In base 4, what is -22 - 10101220213?
-10101220301
In base 5, what is -1240 + 112113?
110323
In base 16, what is 4e3d0ce + -4?
4e3d0ca
In base 3, what is 2200200 - 10110020202?
-10100120002
In base 14, what is -54 - -14330?
142ba
In base 14, what is b65 + -1c37?
-10b2
In base 13, what is 9a - -1a6c43?
1a7010
In base 9, what is 2 - -34124281?
34124283
In base 11, what is 56253 - 2586?
53778
In base 6, what is 202 - 13250350?
-13250144
In base 4, what is 3032321 - -21231012?
30323333
In base 4, what is 3223013 - 221020?
3001333
In base 10, what is 5 - -6062575?
6062580
In base 14, what is -659c7 - 17?
-65a00
In base 15, what is 5 + 17ec0b9?
17ec0be
In base 2, what is -10100110 - -101110110001011011?
101110101110110101
In base 7, what is -2 + -65111636?
-65111641
In base 14, what is -94a58d + 2?
-94a58b
In base 8, what is 35 + 16516232?
16516267
In base 4, what is -32221 + -3122323?
-3221210
In base 13, what is -5 + -a74272?
-a74277
In base 12, what is 2 - 263bb1?
-263bab
In base 10, what is -866679 - -175?
-866504
In base 10, what is -238 - 188427?
-188665
In base 12, what is -49 + -2a07?
-2a54
In base 3, what is 0 + -210002110020101?
-210002110020101
In base 11, what is -203 + 17162?
16a5a
In base 15, what is 169c70a - -6?
169c711
In base 3, what is 1020 + -220111100?
-220110010
In base 14, what is -1c - 524dbd9?
-524dc17
In base 3, what is -2111221012 - 20200?
-2112011212
In base 15, what is -487a5c9 + -5?
-487a5ce
In base 14, what is 56 - -1522a72?
1522ac8
In base 13, what is -1b + 9106c0?
9106a2
In base 8, what is -77514727 - -3?
-77514724
In base 5, what is -140 - 12332401240?
-12332401430
In base 7, what is -3 + -104040444?
-104040450
In base 14, what is a34c4 - -8?
a34cc
In base 14, what is 47 - 26785?
-2673c
In base 6, what is -32343245 - -5?
-32343240
In base 14, what is -27535 - -2b38?
-247db
In base 4, what is 22313210300303 - 10?
22313210300233
In base 10, what is 593778 - -22?
593800
In base 10, what is -38 + -33482292?
-33482330
In base 14, what is -21 + c4b48?
c4b27
In base 14, what is 111aaa - 37?
111a73
In base 15, what is 520ce8b2 - 2?
520ce8b0
In base 4, what is 10 + -2221312000311?
-2221312000301
In base 5, what is -2204310111143 - -2?
-2204310111141
In base 13, what is 14 - 1080bb?
-1080a7
In base 4, what is 1232 + 2032020?
2033312
In base 4, what is -310 - -20101320233?
20101313323
In base 11, what is -939379 + 1?
-939378
In base 8, what is 1057447300 - 2?
1057447276
In base 7, what is 34434265 + 1?
34434266
In base 13, what is -62 - -652ab?
65249
In base 3, what is -10210 - -2110012111?
2110001201
In base 10, what is -2244 - 44263?
-46507
In base 9, what is 714356 - -1281?
715647
In base 12, what is 6 + aaa6962?
aaa6968
In base 7, what is -1124521 - 2315?
-1130136
In base 7, what is 1111341 - -120?
1111461
In base 15, what is 7 + -23d8c2?
-23d8ba
In base 16, what is -103 + -99136?
-99239
In base 14, what is -1 + 37238566?
37238565
In base 8, what is -1064071 - -22?
-1064047
In base 8, what is -244 - -3303?
3037
In base 2, what is 10001011101000010 - 1010?
10001011100111000
In base 12, what is -5 + 17737926?
17737921
In base 13, what is 40589b4 - -1?
40589b5
In base 16, what is 44b2c6 + 2?
44b2c8
In base 16, what is 15b + b3ab?
b506
In base 2, what is 1000 - 100101001111001010?
-100101001111000010
In base 3, what is 10 - 202222221101222112?
-202222221101222102
In base 5, what is -102341 + 2140312?
2032421
In base 9, what is -10 + 3016300?
3016280
In base 3, what is 11 + -220200001110222?
-220200001110211
In base 9, what is -55 - 650544?
-650610
In base 6, what is -1032223 - -11?
-1032212
In base 14, what is 5 - -93d33d?
93d344
In base 5, what is 11442 + -440032?
-423040
In base 3, what is -101100 - 11211020020?
-11211121120
In base 15, what is -2 + -171dd8?
-171dda
In base 11, what is -14 - 1a25454a?
-1a254563
In base 10, what is 161616 + -79?
161537
In base 2, what is -1 - 10100100100011111110110?
-10100100100011111110111
In base 5, what is 242012100021 - 4?
242012100012
In base 8, what is 132723651 + -11?
132723640
In base 3, what is -10012222000011 + 20?
-10012221222221
In base 10, what is -1127921 + -23?
-1127944
In base 2, what is 101 + -10000110101111111000100?
-10000110101111110111111
In base 16, what is 6 - -30523e0?
30523e6
In base 13, what is -11a + 76964?
76847
In base 10, what is -11201 - -733?
-10468
In base 10, what is 998 + -11609?
-10611
In base 7, what is -2313156 - 12350?
-2325536
In base 3, what is 2201101111 - -11120?
2201120001
In base 5, what is -1204100020 + 21?
-1204044444
In base 10, what is -7 + 9655402?
9655395
In base 3, what is 100002020200222 + 1112?
100002020202111
In base 11, what is -3a + 83602?
83573
In base 13, what is 5 - 812692?
-81268a
In base 13, what is -3 + 6b334c3?
6b334c0
In base 13, what is -15 - -4044c8?
4044b3
In base 4, what is 12 + -1020100302231?
-1020100302213
In base 4, what is -10 - -3202010221221?
3202010221211
In base 4, what is -2222002100100 - 3?
-2222002100103
In base 16, what is -1c29f + -2a?
-1c2c9
In base 6, what is -100500025442 + -1?
-100500025443
In base 15, what is -3b5a + 71?
-3ad9
In base 8, what is 152214 - 1202?
151012
In base 5, what is -142 - 120201224?
-120201421
In base 8, what is -1433551472 + -4?
-1433551476
In base 11, what is -30a9229 - a?
-30a9238
In base 5, what is 10 - -2420302040?
2420302100
In base 12, what is 531900 - -67?
531967
In base 9, what is 15 + 28271402?
28271417
In base 10, what is -1 + -6628950?
-6628951
In base 12, what is 1375534 - -4?
1375538
In base 5, what is -11042112 + 222?
-11041340
In base 3, what is -1100120110201 + 2002?
-1100120101122
In base 13, what is -199 - 145044?
-145210
In base 2, what is 10 - -101010001011100011100101011?
101010001011100011100101101
In base 11, what is 33 - -316a22?
316a55
In base 3, what is 1000201112000 + 202?
1000201112202
In base 16, what is -439f380 - -3?
-439f37d
In base 5, what is 3 - 3241423323?
-3241423320
In base 5, what is 1342222 + -2?
1342220
In base 13, what is -225c27 + 2a?
-225bca
In base 5, what is -142314240 + -2?
-142314242
In base 9, what is 2 + -40673010?
-40673007
In base 13, what is -4c9 + 2728?
222c
In base 2, what is -11 + -111101001111010101110001?
-111101001111010101110100
In base 10, what is -40 - 18667373?
-18667413
In base 5, what is -2401210 - -11021?
-2340134
In base 8, what is 2 - 40506553?
-40506551
In base 4, what is -223331 + 12003333?
11120002
In base 15, what is 1cc32e + -6?
1cc328
In base 15, what is -55b + 58b8?
535c
In base 6, what is -131042045 + -2?
-131042051
In base 2, what is -1 - 110101001101010001001?
-110101001101010001010
In base 3, what is 1212110102 + -1201112?
1210201220
In base 15, what is 3ed43 - 76?
3ecbc
In base 7, what is 22245 - 12316?
6626
In base 2, what is -1100110111100000110 - -100000011?
-1100110111000000011
In base 16, what is 7 + -6c24291?
-6c2428a
In base 15, what is -105 - 8267?
-836c
In base 9, what is -50047 + 655?
-48282
In base 2, what is -10011100 - -10000101101010010100?